{"id":18359,"date":"2017-07-09T16:53:23","date_gmt":"2017-07-09T16:53:23","guid":{"rendered":"http:\/\/www.aranaarquitectos.es\/?page_id=18359"},"modified":"2023-09-18T20:13:14","modified_gmt":"2023-09-18T20:13:14","slug":"informes-y-peritaciones","status":"publish","type":"page","link":"https:\/\/aranaarquitectos.com\/index.php\/comunidades-administracion-fincas\/informes-y-peritaciones\/","title":{"rendered":"Informes y peritaciones"},"content":{"rendered":"<section class=\"wpb-content-wrapper\"><p>[vc_row force_equal_height_columns=\u00bbmain_row\u00bb align_content_vertically=\u00bboff\u00bb mobile_destroy_equal_heights=\u00bboff\u00bb][vc_column width=\u00bb1\/2&#8243; css=\u00bb.vc_custom_1498818304835{padding-right: 5% !important;padding-left: 5% !important;background-color: #d8d8d8 !important;}\u00bb]<div class=\"ult-spacer spacer-6a096dd33ed5f\" data-id=\"6a096dd33ed5f\" data-height=\"60\" data-height-mobile=\"40\" data-height-tab=\"60\" data-height-tab-portrait=\"\" data-height-mobile-landscape=\"\" style=\"clear:both;display:block;\"><\/div>[vc_single_image image=\u00bb18113&#8243; img_size=\u00bb\u00bb css=\u00bb.vc_custom_1498822687562{padding-bottom: 5px !important;padding-left: 20px !important;}\u00bb]<div class=\"dfd-heading-shortcode\"><div class=\"dfd-heading-module-wrap  text-left style_01 dfd-heading-6a096dd33edc7 dfd-enable-resposive-headings\" id=\"dfd-heading-6a096dd33edc7\" ><div class=\"inline-block\"><div class=\"dfd-heading-module\"><h5 class=\"widget-title dfd-title \" style=\"font-family:Quicksand; font-weight:300; font-style:normal; font-size: 25px; color: #5b5b5b !important; line-height: 30px; \">BORJA ARANA SAN SEBASTI\u00c1N<\/h5><\/div><\/div><\/div><script type=\"text\/javascript\">\r\n\t\t\t\t\t\t\t\t\t(function($) {\r\n\t\t\t\t\t\t\t\t\t\t$(\"head\").append(\"<style>.dfd-heading-6a096dd33edc7.dfd-heading-module-wrap .dfd-heading-module .dfd-heading-delimiter {margin-top:10px;margin-bottom:10px;}<\/style>\");\r\n\t\t\t\t\t\t\t\t\t})(jQuery);\r\n\t\t\t\t\t\t\t\t<\/script><\/div>[vc_single_image image=\u00bb18114&#8243; img_size=\u00bb\u00bb css=\u00bb.vc_custom_1498821256357{padding-top: 3px !important;padding-left: 20px !important;}\u00bb]<div class=\"ult-spacer spacer-6a096dd33ef18\" data-id=\"6a096dd33ef18\" data-height=\"20\" data-height-mobile=\"10\" data-height-tab=\"20\" data-height-tab-portrait=\"\" data-height-mobile-landscape=\"\" style=\"clear:both;display:block;\"><\/div><div class=\"dfd-heading-shortcode\"><div class=\"dfd-heading-module-wrap arquitectura text-left style_01 dfd-heading-6a096dd33ef4a dfd-enable-resposive-headings\" id=\"dfd-heading-6a096dd33ef4a\" ><div class=\"inline-block\"><div class=\"dfd-heading-module\"><h3 class=\"widget-title dfd-title \" style=\"color: #5b5b5b !important; \"><\/p>\n<p class=\"p1\">Soy miembro de la agrupaci\u00f3n de arquitectos forenses del Colegio Oficial de Arquitectos Vasco Navarro desde 1997. Estoy especializado en la redacci\u00f3n de informes periciales y t\u00e9cnicos sobre patolog\u00edas en la edificaci\u00f3n.<\/p>\n<p class=\"p1\">Pertenezco, as\u00ed mismo, a la Corte de Arbitraje de la C\u00e1mara de Comercio, y poseo amplia experiencia como perito judicial.<\/p>\n<p><\/h3><\/div><\/div><\/div><script type=\"text\/javascript\">\r\n\t\t\t\t\t\t\t\t\t(function($) {\r\n\t\t\t\t\t\t\t\t\t\t$(\"head\").append(\"<style>.dfd-heading-6a096dd33ef4a.dfd-heading-module-wrap .dfd-heading-module .dfd-heading-delimiter {margin-top:10px;margin-bottom:10px;}<\/style>\");\r\n\t\t\t\t\t\t\t\t\t})(jQuery);\r\n\t\t\t\t\t\t\t\t<\/script><\/div><div class=\"ult-spacer spacer-6a096dd33efac\" data-id=\"6a096dd33efac\" data-height=\"60\" data-height-mobile=\"40\" data-height-tab=\"60\" data-height-tab-portrait=\"\" data-height-mobile-landscape=\"\" style=\"clear:both;display:block;\"><\/div>[\/vc_column][vc_column width=\u00bb1\/2&#8243; css=\u00bb.vc_custom_1499619695344{padding-top: 5% !important;padding-right: 5% !important;padding-left: 5% !important;background-image: url(http:\/\/www.aranaarquitectos.es\/wp-content\/uploads\/2017\/07\/informes-peritaciones.jpg?id=18361) !important;background-position: center !important;background-repeat: no-repeat !important;background-size: cover !important;}\u00bb][\/vc_column][\/vc_row]<\/p>\n<\/section>","protected":false},"excerpt":{"rendered":"<p>[vc_row force_equal_height_columns=\u00bbmain_row\u00bb align_content_vertically=\u00bboff\u00bb mobile_destroy_equal_heights=\u00bboff\u00bb][vc_column width=\u00bb1\/2&#8243; css=\u00bb.vc_custom_1498818304835{padding-right: 5% !important;padding-left: 5% !important;background-color: #d8d8d8 !important;}\u00bb][vc_single_image image=\u00bb18113&#8243; img_size=\u00bb\u00bb css=\u00bb.vc_custom_1498822687562{padding-bottom: 5px !important;padding-left: 20px !important;}\u00bb][vc_single_image image=\u00bb18114&#8243; img_size=\u00bb\u00bb css=\u00bb.vc_custom_1498821256357{padding-top: 3px !important;padding-left: 20px !important;}\u00bb][\/vc_column][vc_column width=\u00bb1\/2&#8243; css=\u00bb.vc_custom_1499619695344{padding-top: 5% !important;padding-right:<\/p>\n","protected":false},"author":1,"featured_media":0,"parent":18185,"menu_order":0,"comment_status":"open","ping_status":"closed","template":"page-custom-with-header.php","meta":{"_mi_skip_tracking":false,"_monsterinsights_sitenote_active":false,"_monsterinsights_sitenote_note":"","_monsterinsights_sitenote_category":0,"footnotes":""},"acf":[],"yoast_head":"<!-- This site is optimized with the Yoast SEO plugin v21.1 - https:\/\/yoast.com\/wordpress\/plugins\/seo\/ -->\n<title>Informes y peritaciones - Arana San Sebasti\u00e1n<\/title>\n<meta name=\"robots\" content=\"index, follow, max-snippet:-1, max-image-preview:large, max-video-preview:-1\" \/>\n<link rel=\"canonical\" href=\"https:\/\/aranaarquitectos.com\/index.php\/comunidades-administracion-fincas\/informes-y-peritaciones\/\" \/>\n<meta property=\"og:locale\" content=\"es_ES\" \/>\n<meta property=\"og:type\" content=\"article\" \/>\n<meta property=\"og:title\" content=\"Informes y peritaciones - Arana San Sebasti\u00e1n\" \/>\n<meta property=\"og:description\" content=\"[vc_row force_equal_height_columns=\u00bbmain_row\u00bb align_content_vertically=\u00bboff\u00bb mobile_destroy_equal_heights=\u00bboff\u00bb][vc_column width=\u00bb1\/2&#8243; css=\u00bb.vc_custom_1498818304835{padding-right: 5% !important;padding-left: 5% !important;background-color: #d8d8d8 !important;}\u00bb][vc_single_image image=\u00bb18113&#8243; img_size=\u00bb\u00bb css=\u00bb.vc_custom_1498822687562{padding-bottom: 5px !important;padding-left: 20px !important;}\u00bb][vc_single_image image=\u00bb18114&#8243; img_size=\u00bb\u00bb css=\u00bb.vc_custom_1498821256357{padding-top: 3px !important;padding-left: 20px !important;}\u00bb][\/vc_column][vc_column width=\u00bb1\/2&#8243; css=\u00bb.vc_custom_1499619695344{padding-top: 5% !important;padding-right:\" \/>\n<meta property=\"og:url\" content=\"https:\/\/aranaarquitectos.com\/index.php\/comunidades-administracion-fincas\/informes-y-peritaciones\/\" \/>\n<meta property=\"og:site_name\" content=\"Arana San Sebasti\u00e1n\" \/>\n<meta property=\"article:modified_time\" content=\"2023-09-18T20:13:14+00:00\" \/>\n<meta name=\"twitter:card\" content=\"summary_large_image\" \/>\n<meta name=\"twitter:label1\" content=\"Tiempo de lectura\" \/>\n\t<meta name=\"twitter:data1\" content=\"1 minuto\" \/>\n<script type=\"application\/ld+json\" class=\"yoast-schema-graph\">{\"@context\":\"https:\/\/schema.org\",\"@graph\":[{\"@type\":\"WebPage\",\"@id\":\"https:\/\/aranaarquitectos.com\/index.php\/comunidades-administracion-fincas\/informes-y-peritaciones\/\",\"url\":\"https:\/\/aranaarquitectos.com\/index.php\/comunidades-administracion-fincas\/informes-y-peritaciones\/\",\"name\":\"Informes y peritaciones - Arana San Sebasti\u00e1n\",\"isPartOf\":{\"@id\":\"https:\/\/aranaarquitectos.com\/#website\"},\"datePublished\":\"2017-07-09T16:53:23+00:00\",\"dateModified\":\"2023-09-18T20:13:14+00:00\",\"breadcrumb\":{\"@id\":\"https:\/\/aranaarquitectos.com\/index.php\/comunidades-administracion-fincas\/informes-y-peritaciones\/#breadcrumb\"},\"inLanguage\":\"es\",\"potentialAction\":[{\"@type\":\"ReadAction\",\"target\":[\"https:\/\/aranaarquitectos.com\/index.php\/comunidades-administracion-fincas\/informes-y-peritaciones\/\"]}]},{\"@type\":\"BreadcrumbList\",\"@id\":\"https:\/\/aranaarquitectos.com\/index.php\/comunidades-administracion-fincas\/informes-y-peritaciones\/#breadcrumb\",\"itemListElement\":[{\"@type\":\"ListItem\",\"position\":1,\"name\":\"Portada\",\"item\":\"https:\/\/aranaarquitectos.com\/\"},{\"@type\":\"ListItem\",\"position\":2,\"name\":\"Comunidades y administraci\u00f3n de fincas\",\"item\":\"https:\/\/aranaarquitectos.com\/index.php\/comunidades-administracion-fincas\/\"},{\"@type\":\"ListItem\",\"position\":3,\"name\":\"Informes y peritaciones\"}]},{\"@type\":\"WebSite\",\"@id\":\"https:\/\/aranaarquitectos.com\/#website\",\"url\":\"https:\/\/aranaarquitectos.com\/\",\"name\":\"Arana San Sebasti\u00e1n\",\"description\":\"Arquitectos\",\"potentialAction\":[{\"@type\":\"SearchAction\",\"target\":{\"@type\":\"EntryPoint\",\"urlTemplate\":\"https:\/\/aranaarquitectos.com\/?s={search_term_string}\"},\"query-input\":\"required name=search_term_string\"}],\"inLanguage\":\"es\"}]}<\/script>\n<!-- \/ Yoast SEO plugin. -->","yoast_head_json":{"title":"Informes y peritaciones - Arana San Sebasti\u00e1n","robots":{"index":"index","follow":"follow","max-snippet":"max-snippet:-1","max-image-preview":"max-image-preview:large","max-video-preview":"max-video-preview:-1"},"canonical":"https:\/\/aranaarquitectos.com\/index.php\/comunidades-administracion-fincas\/informes-y-peritaciones\/","og_locale":"es_ES","og_type":"article","og_title":"Informes y peritaciones - Arana San Sebasti\u00e1n","og_description":"[vc_row force_equal_height_columns=\u00bbmain_row\u00bb align_content_vertically=\u00bboff\u00bb mobile_destroy_equal_heights=\u00bboff\u00bb][vc_column width=\u00bb1\/2&#8243; css=\u00bb.vc_custom_1498818304835{padding-right: 5% !important;padding-left: 5% !important;background-color: #d8d8d8 !important;}\u00bb][vc_single_image image=\u00bb18113&#8243; img_size=\u00bb\u00bb css=\u00bb.vc_custom_1498822687562{padding-bottom: 5px !important;padding-left: 20px !important;}\u00bb][vc_single_image image=\u00bb18114&#8243; img_size=\u00bb\u00bb css=\u00bb.vc_custom_1498821256357{padding-top: 3px !important;padding-left: 20px !important;}\u00bb][\/vc_column][vc_column width=\u00bb1\/2&#8243; css=\u00bb.vc_custom_1499619695344{padding-top: 5% !important;padding-right:","og_url":"https:\/\/aranaarquitectos.com\/index.php\/comunidades-administracion-fincas\/informes-y-peritaciones\/","og_site_name":"Arana San Sebasti\u00e1n","article_modified_time":"2023-09-18T20:13:14+00:00","twitter_card":"summary_large_image","twitter_misc":{"Tiempo de lectura":"1 minuto"},"schema":{"@context":"https:\/\/schema.org","@graph":[{"@type":"WebPage","@id":"https:\/\/aranaarquitectos.com\/index.php\/comunidades-administracion-fincas\/informes-y-peritaciones\/","url":"https:\/\/aranaarquitectos.com\/index.php\/comunidades-administracion-fincas\/informes-y-peritaciones\/","name":"Informes y peritaciones - Arana San Sebasti\u00e1n","isPartOf":{"@id":"https:\/\/aranaarquitectos.com\/#website"},"datePublished":"2017-07-09T16:53:23+00:00","dateModified":"2023-09-18T20:13:14+00:00","breadcrumb":{"@id":"https:\/\/aranaarquitectos.com\/index.php\/comunidades-administracion-fincas\/informes-y-peritaciones\/#breadcrumb"},"inLanguage":"es","potentialAction":[{"@type":"ReadAction","target":["https:\/\/aranaarquitectos.com\/index.php\/comunidades-administracion-fincas\/informes-y-peritaciones\/"]}]},{"@type":"BreadcrumbList","@id":"https:\/\/aranaarquitectos.com\/index.php\/comunidades-administracion-fincas\/informes-y-peritaciones\/#breadcrumb","itemListElement":[{"@type":"ListItem","position":1,"name":"Portada","item":"https:\/\/aranaarquitectos.com\/"},{"@type":"ListItem","position":2,"name":"Comunidades y administraci\u00f3n de fincas","item":"https:\/\/aranaarquitectos.com\/index.php\/comunidades-administracion-fincas\/"},{"@type":"ListItem","position":3,"name":"Informes y peritaciones"}]},{"@type":"WebSite","@id":"https:\/\/aranaarquitectos.com\/#website","url":"https:\/\/aranaarquitectos.com\/","name":"Arana San Sebasti\u00e1n","description":"Arquitectos","potentialAction":[{"@type":"SearchAction","target":{"@type":"EntryPoint","urlTemplate":"https:\/\/aranaarquitectos.com\/?s={search_term_string}"},"query-input":"required name=search_term_string"}],"inLanguage":"es"}]}},"_links":{"self":[{"href":"https:\/\/aranaarquitectos.com\/index.php\/wp-json\/wp\/v2\/pages\/18359"}],"collection":[{"href":"https:\/\/aranaarquitectos.com\/index.php\/wp-json\/wp\/v2\/pages"}],"about":[{"href":"https:\/\/aranaarquitectos.com\/index.php\/wp-json\/wp\/v2\/types\/page"}],"author":[{"embeddable":true,"href":"https:\/\/aranaarquitectos.com\/index.php\/wp-json\/wp\/v2\/users\/1"}],"replies":[{"embeddable":true,"href":"https:\/\/aranaarquitectos.com\/index.php\/wp-json\/wp\/v2\/comments?post=18359"}],"version-history":[{"count":8,"href":"https:\/\/aranaarquitectos.com\/index.php\/wp-json\/wp\/v2\/pages\/18359\/revisions"}],"predecessor-version":[{"id":18914,"href":"https:\/\/aranaarquitectos.com\/index.php\/wp-json\/wp\/v2\/pages\/18359\/revisions\/18914"}],"up":[{"embeddable":true,"href":"https:\/\/aranaarquitectos.com\/index.php\/wp-json\/wp\/v2\/pages\/18185"}],"wp:attachment":[{"href":"https:\/\/aranaarquitectos.com\/index.php\/wp-json\/wp\/v2\/media?parent=18359"}],"curies":[{"name":"wp","href":"https:\/\/api.w.org\/{rel}","templated":true}]}}